{"id":2837,"date":"2014-09-13T14:31:36","date_gmt":"2014-09-13T07:31:36","guid":{"rendered":"http:\/\/13.215.197.123\/?page_id=2837"},"modified":"2014-12-08T17:04:26","modified_gmt":"2014-12-08T10:04:26","slug":"terms-conditions-of-use","status":"publish","type":"page","link":"https:\/\/rochem.vn\/index.php\/terms-conditions-of-use\/","title":{"rendered":"\u0110i\u1ec1u kho\u1ea3n &#038; \u0110i\u1ec1u ki\u1ec7n S\u1eed d\u1ee5ng"},"content":{"rendered":"<p><b>\u0110i<\/b><b>\u1ec1u kho\u1ea3<\/b><b>n &#038; \u0110i<\/b><b>\u1ec1u ki\u1ec7n S\u1eed d\u1ee5ng<\/b><\/p>\n<p style=\"text-align: justify;\">Website <i>rochem.vn<\/i> ho\u1ea1t \u0111\u1ed9ng d\u01b0\u1edbi s\u1ef1 qu\u1ea3n l\u00fd v\u00e0 v\u1eadn h\u00e0nh b\u1edfi c\u00f4ng ty <b>TVTS<\/b>.\u00a0<\/p>\n<p style=\"text-align: justify;\">\u0110\u1ecba ch\u1ec9: 02 Tr\u01b0\u01a1ng Qu\u1ed1c Dung, Ph\u01b0\u1eddng 8, Qu\u1eadn Ph\u00fa Nhu\u1eadn, Tp H\u1ed3 Ch\u00ed Minh, Vi\u1ec7t Nam.\u00a0<\/p>\n<p style=\"text-align: justify;\">Vi\u1ec7c s\u1eed d\u1ee5ng website \u0111\u01b0\u1ee3c chi ph\u1ed1i b\u1edfi c\u00e1c \u0111i\u1ec1u kho\u1ea3n v\u00e0 \u0111i\u1ec1u ki\u1ec7n s\u1eed d\u1ee5ng.<\/p>\n<p style=\"text-align: justify;\">C\u00e1c \u0111\u01a1n v\u1ecb v\u00e0 c\u00e1 nh\u00e2n truy c\u1eadp v\u00e0 s\u1eed d\u1ee5ng website n\u00e0y vui l\u00f2ng d\u00e0nh th\u1eddi gian \u0111\u1ec3 xem qua c\u00e1c \u0111i\u1ec1u kho\u1ea3n v\u00e0 \u0111i\u1ec1u ki\u1ec7n s\u1eed d\u1ee5ng website. Khi truy c\u1eadp v\u00e0o website ngh\u0129a l\u00e0 ng\u01b0\u1eddi s\u1eed d\u1ee5ng \u0111\u00e3 \u0111\u1ed3ng \u00fd v\u1edbi nh\u1eefng \u0111i\u1ec1u kho\u1ea3n v\u00e0 \u0111i\u1ec1u ki\u1ec7n s\u1eed d\u1ee5ng \u0111\u01b0\u1ee3c quy \u0111\u1ecbnh d\u01b0\u1edbi \u0111\u00e2y. Tr\u01b0\u1eddng h\u1ee3p kh\u00f4ng \u0111\u1ed3ng \u00fd, xin vui l\u00f2ng kh\u00f4ng s\u1eed d\u1ee5ng ho\u1eb7c truy c\u1eadp v\u00e0o website <i>rochem.vn<\/i>.<\/p>\n<p style=\"text-align: justify;\"><b>B\u1ea3n quy\u1ec1n<\/b><b> v\u00e0 th\u01b0\u01a1ng hi<\/b><b>\u1ec7u<\/b><\/p>\n<p style=\"text-align: justify;\">T\u1ea5t c\u1ea3 c\u00e1c n\u1ed9i dung b\u1ea1n th\u1ea5y v\u00e0 nghe tr\u00ean website <i>rochem.vn<\/i>, bao g\u1ed3m t\u1ea5t c\u1ea3, v\u00ed d\u1ee5, t\u1ea5t c\u1ea3 c\u00e1c ti\u00eau \u0111\u1ec1 trang, h\u00ecnh \u1ea3nh, tranh minh h\u1ecda, \u0111\u1ed3 h\u1ecda, v\u00e0 v\u0103n b\u1ea3n, t\u00f9y thu\u1ed9c v\u00e0o nh\u00e3n hi\u1ec7u, nh\u00e3n hi\u1ec7u d\u1ecbch v\u1ee5, b\u1ed9 nh\u1eadn di\u1ec7n th\u01b0\u01a1ng hi\u1ec7u, b\u1ea3n quy\u1ec1n v\u00e0\/ho\u1eb7c c\u00e1c quy\u1ec1n s\u1edf h\u1eefu tr\u00ed tu\u1ec7 kh\u00e1c ho\u1eb7c c\u00e1c ch\u1ee9ng ch\u1ec9 c\u1ee7a rochem.vn. To\u00e0n b\u1ed9 n\u1ed9i dung c\u1ee7a website n\u00e0y l\u00e0 s\u1ea3n ph\u1ea9m c\u1ee7a t\u1eadp th\u1ec3 d\u01b0\u1edbi lu\u1eadt b\u1ea3n quy\u1ec1n Vi\u1ec7t Nam, v\u00e0 <b>TVTS<\/b> l\u00e0 ch\u1ee7 s\u1edf h\u1eefu quy\u1ec1n l\u1ef1a ch\u1ecdn, \u0111i\u1ec1u ph\u1ed1i, s\u1eafp x\u1ebfp, n\u00e2ng c\u1ea5p n\u1ed9i dung. \u00a0<\/p>\n<p style=\"text-align: justify;\"><b>Quy\u1ec1n v\u00e0 tr\u00e1ch nhi\u1ec7m c\u1ee7<\/b><b>a ng\u01b0<\/b><b>\u1eddi s\u1eed d\u1ee5ng<\/b><\/p>\n<p style=\"text-align: justify;\">N\u1ed9i dung c\u1ee7a website v\u00e0 to\u00e0n b\u1ed9 website, ch\u1ec9 d\u00e0nh cho c\u00e1 nh\u00e2n, kh\u00f4ng s\u1eed d\u1ee5ng cho m\u1ee5c \u0111\u00edch th\u01b0\u01a1ng m\u1ea1i. B\u1ea1n c\u00f3 th\u1ec3 download, in \u1ea5n v\u00e0 l\u01b0u tr\u1eef c\u00e1c ph\u1ea7n trong n\u1ed9i dung website, mi\u1ec5n l\u00e0 b\u1ea1n s\u1eed d\u1ee5ng c\u00e1c b\u1ea3n sao ch\u00e9p n\u00e0y cho m\u1ee5c \u0111\u00edch c\u00e1 nh\u00e2n \u2013 kh\u00f4ng nh\u1eb1m m\u1ee5c \u0111\u00edch th\u01b0\u01a1ng m\u1ea1i. B\u1ea5t k\u1ef3 s\u1ef1 sao ch\u00e9p ho\u1eb7c s\u1eed d\u1ee5ng to\u00e0n b\u1ed9 ho\u1eb7c b\u1ea5t k\u1ef3 ph\u1ea7n n\u00e0o trong n\u1ed9i dung c\u1ee7a website b\u1eb1ng b\u1ea5t k\u1ef3 ph\u01b0\u01a1ng ti\u1ec7n n\u00e0y, d\u01b0\u1edbi b\u1ea5t k\u1ef3 h\u00ecnh th\u1ee9c n\u00e0o v\u00e0 v\u1edbi b\u1ea5t k\u1ef3 m\u1ee5c \u0111\u00edch g\u00ec n\u1ebfu kh\u00f4ng c\u00f3 s\u1ef1 ch\u1ea5p thu\u1eadn tr\u01b0\u1edbc b\u1eb1ng v\u0103n b\u1ea3n t\u1eeb ph\u00eda TVTS \u0111\u1ec1u b\u1ecb nghi\u00eam c\u1ea5m. Nh\u01b0 v\u1eady, b\u1ea1n kh\u00f4ng \u0111\u01b0\u1ee3c sao ch\u00e9p, download, ch\u1ec9nh s\u1eeda, chuy\u1ec3n \u0111\u1ed5i hay t\u1ea1o ra c\u00e1c s\u1ea3n ph\u1ea9m sang t\u1ea1o kh\u00e1c t\u1eeb n\u1ed9i dung m\u00e0 kh\u00f4ng c\u1ea7n s\u1ef1 cho ph\u00e9p .<\/p>\n<p style=\"text-align: justify;\">Ch\u00fang t\u00f4i hoan ngh\u00eanh nh\u1eefng \u00fd ki\u1ebfn \u0111\u00f3ng g\u00f3p c\u1ee7a b\u1ea1n cho website. Tuy nhi\u00ean, m\u1ecdi \u00fd ki\u1ebfn, ph\u1ea3n h\u1ed3i, ghi ch\u00fa, tin nh\u1eafn, \u00fd t\u01b0\u1edfng, \u0111\u1ec1 xu\u1ea5t ho\u1eb7c c\u00e1c h\u00ecnh th\u1ee9c li\u00ean l\u1ea1c kh\u00e1c (g\u1ecdi chung l\u00e0 \u201cb\u00ecnh lu\u1eadn\u201d) g\u1edfi \u0111\u1ebfn rochem.vn. s\u1ebd thu\u1ed9c t\u00e0i s\u1ea3n \u0111\u1ed9c quy\u1ec1n c\u1ee7a <i>rochem.vn<\/i>; <i>rochem.vn<\/i>. c\u00f3 quy\u1ec1n s\u1eed d\u1ee5ng, sao ch\u00e9p, c\u00f4ng b\u1ed1 v\u00e0 lan truy\u1ec1n t\u1ea5t c\u1ea3 c\u00e1c t\u00e0i li\u1ec7u b\u1ea1n g\u1edfi \u0111\u1ebfn <i>rochem.vn<\/i> cho b\u1ea5t k\u1ef3 m\u1ee5c \u0111\u00edch n\u00e0o, kh\u00f4ng h\u1ea1n ch\u1ebf v\u00e0 kh\u00f4ng ph\u1ea3i chi tr\u1ea3 hay b\u1ed3i th\u01b0\u1eddng v\u00ec b\u1ea5t c\u1ee9 l\u00fd do n\u00e0o. V\u00ec v\u1eady ch\u00fang t\u00f4i khuy\u1ebfn c\u00e1o b\u1ea1n \u0111\u1eebng g\u1edfi c\u00e1c b\u00ecnh lu\u1eadn m\u00e0 b\u1ea1n kh\u00f4ng mu\u1ed1n nh\u1eefng th\u00f4ng tin n\u00e0y thu\u1ed9c v\u1ec1 ch\u00fang t\u00f4i, bao g\u1ed3m c\u1ea3 c\u00e1c th\u00f4ng tin m\u1eadt hay t\u00e0i li\u1ec7u l\u00e0 nh\u1eefng s\u00e1ng t\u1ea1o g\u1ed1c (v\u00ed d\u1ee5 c\u00e1c c\u00e2u chuy\u1ec7n, \u00fd t\u01b0\u1edfng s\u1ea3n ph\u1ea9m, m\u00e3 m\u00e1y t\u00ednh ho\u1eb7c t\u00e1c ph\u1ea9m ngh\u1ec7 thu\u1eadt g\u1ed1c). \u00a0<\/p>\n<p style=\"text-align: justify;\">B\u1ea1n l\u00e0 ng\u01b0\u1eddi ho\u00e0n to\u00e0n ch\u1ecbu tr\u00e1ch nhi\u1ec7m v\u1ec1 n\u1ed9i dung\/ h\u00ecnh \u1ea3nh b\u1ea1n g\u1edfi \u0111\u1ebfn; <i>rochem.vn<\/i> kh\u00f4ng ch\u1ecbu tr\u00e1ch nhi\u1ec7m cho b\u1ea5t c\u1ee9 n\u1ed9i dung n\u00e0o c\u1ee7a b\u1ea1n. Ch\u00fang t\u00f4i c\u00f3 th\u1ec3, nh\u01b0ng kh\u00f4ng b\u1eaft bu\u1ed9c, t\u00f9y theo quy\u1ebft \u0111\u1ecbnh c\u1ee7a ch\u00fang t\u00f4i, h\u1ea1n ch\u1ebf ho\u1eb7c lo\u1ea1i b\u1ecf b\u1ea5t k\u1ef3 v\u00e0 t\u1ea5t c\u1ea3 n\u1ed9i dung t\u1eeb c\u00e1c tin nh\u1eafn m\u00e0 ch\u00fang t\u00f4i x\u00e1c \u0111\u1ecbnh vi ph\u1ea1m nh\u1eefng h\u01b0\u1edbng d\u1eabn n\u00e0y ho\u1eb7c g\u00e2y \u1ea3nh h\u01b0\u1edfng kh\u00f4ng t\u1ed1t \u0111\u1ebfn ch\u00fang t\u00f4i, chi nh\u00e1nh ho\u1eb7c c\u00f4ng ty con, kh\u00e1ch ho\u1eb7c b\u1ea5t k\u1ef3 b\u00ean th\u1ee9 3 n\u00e0o. <i>rochem.vn<\/i> c\u00f3 quy\u1ec1n l\u1ecdc l\u1ea1i n\u1ed9i dung b\u1ea1n cung c\u1ea5p theo b\u1ea5t k\u1ef3 h\u01b0\u1edbng n\u00e0o \u1edf b\u1ea5t k\u1ef3 th\u1eddi gian n\u00e0o sau khi n\u1ed9i dung \u1ea5y \u0111\u01b0\u1ee3c t\u1ea1o ra. C\u00e1c n\u1ed9i dung b\u1ea1n g\u1eedi s\u1ebd \u0111\u01b0\u1ee3c s\u1eed d\u1ee5ng cho m\u1ee5c \u0111\u00edch phi th\u01b0\u01a1ng m\u1ea1i. B\u1ea1n ph\u1ea3i cung c\u1ea5p \u0111\u1ecba ch\u1ec9 email th\u1eadt c\u1ee7a b\u1ea1n khi g\u1eedi n\u1ed9i dung. T\u1ea5t c\u1ea3 c\u00e1c n\u1ed9i dung b\u1ea1n g\u1eedi s\u1ebd qua Internet v\u00e0 b\u1ea1n ph\u1ea3i hi\u1ec3u v\u00e0 nh\u00ecn nh\u1eadn r\u1eb1ng b\u1ea1n kh\u00f4ng c\u00f3 quy\u1ec1n ri\u00eang t\u01b0 \u0111\u1ed1i v\u1edbi nh\u1eefng n\u1ed9i dung b\u1ea1n g\u1eedi cho ch\u00fang t\u00f4i.<\/p>\n<p style=\"text-align: justify;\"><b>Lu\u1eadt \u00e1p d\u1ee5ng<\/b><\/p>\n<p style=\"text-align: justify;\">To\u00e0n b\u1ed9 website rochem.vn \u0111\u01b0\u1ee3c b\u1ea3o v\u1ec7 b\u1edfi c\u00e1c lu\u1eadt v\u1ec1 b\u1ea3n quy\u1ec1n, quy\u1ec1n b\u1ea3o h\u1ed9 th\u01b0\u01a1ng hi\u1ec7u, b\u1ea3n quy\u1ec1n thi\u1ebft k\u1ebf v\u00e0 lu\u1eadt ch\u1ed1ng c\u1ea1nh tranh kh\u00f4ng l\u00e0nh m\u1ea1nh.<\/p>\n<p style=\"text-align: justify;\">Vi\u1ec7c qu\u1ea3n l\u00fd, v\u1eadn h\u00e0nh v\u00e0 s\u1eed d\u1ee5ng website n\u00e0y tu\u00e2n th\u1ee7 theo c\u00e1c quy \u0111\u1ecbnh c\u1ee7a ph\u00e1p lu\u1eadt Vi\u1ec7t Nam.<\/p>\n<p style=\"text-align: justify;\"><b>Thay \u0111<\/b><b>\u1ed5i v\u1ec1<\/b><b> \u0111i<\/b><b>\u1ec1u kho\u1ea3<\/b><b>n v\u00e0 \u0111i<\/b><b>\u1ec1u ki\u1ec7n n\u00e0y<\/b><\/p>\n<p style=\"text-align: justify;\">C\u00e1c \u0111i\u1ec1u kho\u1ea3n v\u00e0 \u0111i\u1ec1u ki\u1ec7n c\u00f3 th\u1ec3 thay \u0111\u1ed5i.<\/p>\n<p style=\"text-align: justify;\">Trong qu\u00e1 tr\u00ecnh v\u1eadn h\u00e0nh website, <b>TVTS<\/b> c\u00f3 quy\u1ec1n s\u1eeda \u0111\u1ed5i, b\u1ed5 sung ho\u1eb7c h\u1ee7y b\u1ecf m\u1ed9t ph\u1ea7n ho\u1eb7c t\u1ea5t c\u1ea3 c\u00e1c \u0111i\u1ec1u kho\u1ea3n v\u00e0 \u0111i\u1ec1u ki\u1ec7n s\u1eed d\u1ee5ng b\u1ea5t c\u1ee9 l\u00fac n\u00e0o. V\u00ec v\u1eady xin vui l\u00f2ng ki\u1ec3m tra \u0111\u1ecbnh k\u1ef3 c\u00e1c \u0111i\u1ec1u kho\u1ea3n v\u00e0 \u0111i\u1ec1u ki\u1ec7n s\u1eed d\u1ee5ng c\u1ee7a website rochem.vn \u0111\u1ec3 c\u1eadp nh\u1eadt nh\u1eefng s\u1eeda \u0111\u1ed5i ho\u1eb7c b\u1ed5 sung k\u1ecbp th\u1eddi.<\/p>\n","protected":false},"excerpt":{"rendered":"<p>\u0110i\u1ec1u kho\u1ea3n &#038; \u0110i\u1ec1u ki\u1ec7n S\u1eed d\u1ee5ng Website rochem.vn ho\u1ea1t \u0111\u1ed9ng d\u01b0\u1edbi s\u1ef1 qu\u1ea3n l\u00fd v\u00e0 v\u1eadn h\u00e0nh b\u1edfi c\u00f4ng ty TVTS.\u00a0 \u0110\u1ecba ch\u1ec9: 02 Tr\u01b0\u01a1ng Qu\u1ed1c Dung, Ph\u01b0\u1eddng 8, Qu\u1eadn Ph\u00fa Nhu\u1eadn, Tp H\u1ed3 Ch\u00ed Minh, Vi\u1ec7t Nam.\u00a0 Vi\u1ec7c s\u1eed d\u1ee5ng website \u0111\u01b0\u1ee3c chi ph\u1ed1i b\u1edfi c\u00e1c \u0111i\u1ec1u kho\u1ea3n v\u00e0 \u0111i\u1ec1u ki\u1ec7n s\u1eed d\u1ee5ng. [&hellip;]<\/p>\n","protected":false},"author":7,"featured_media":0,"parent":0,"menu_order":0,"comment_status":"open","ping_status":"open","template":"","meta":{"footnotes":""},"class_list":["post-2837","page","type-page","status-publish","hentry"],"aioseo_notices":[],"_links":{"self":[{"href":"https:\/\/rochem.vn\/index.php\/wp-json\/wp\/v2\/pages\/2837","targetHints":{"allow":["GET"]}}],"collection":[{"href":"https:\/\/rochem.vn\/index.php\/wp-json\/wp\/v2\/pages"}],"about":[{"href":"https:\/\/rochem.vn\/index.php\/wp-json\/wp\/v2\/types\/page"}],"author":[{"embeddable":true,"href":"https:\/\/rochem.vn\/index.php\/wp-json\/wp\/v2\/users\/7"}],"replies":[{"embeddable":true,"href":"https:\/\/rochem.vn\/index.php\/wp-json\/wp\/v2\/comments?post=2837"}],"version-history":[{"count":8,"href":"https:\/\/rochem.vn\/index.php\/wp-json\/wp\/v2\/pages\/2837\/revisions"}],"predecessor-version":[{"id":3347,"href":"https:\/\/rochem.vn\/index.php\/wp-json\/wp\/v2\/pages\/2837\/revisions\/3347"}],"wp:attachment":[{"href":"https:\/\/rochem.vn\/index.php\/wp-json\/wp\/v2\/media?parent=2837"}],"curies":[{"name":"wp","href":"https:\/\/api.w.org\/{rel}","templated":true}]}}